{"id":15350,"date":"2020-04-02T16:51:45","date_gmt":"2020-04-02T14:51:45","guid":{"rendered":"https:\/\/www.esterpineda.com\/?page_id=15350"},"modified":"2025-10-02T18:33:31","modified_gmt":"2025-10-02T16:33:31","slug":"discography-3-2","status":"publish","type":"page","link":"https:\/\/www.esterpineda.com\/index.php\/discography-3-2\/","title":{"rendered":"Enseignement"},"content":{"rendered":"<p>[vc_row css_animation=\u00a0\u00bb\u00a0\u00bb row_type=\u00a0\u00bbrow\u00a0\u00bb use_row_as_full_screen_section=\u00a0\u00bbno\u00a0\u00bb type=\u00a0\u00bbgrid\u00a0\u00bb angled_section=\u00a0\u00bbno\u00a0\u00bb text_align=\u00a0\u00bbleft\u00a0\u00bb background_image_as_pattern=\u00a0\u00bbwithout_pattern\u00a0\u00bb z_index=\u00a0\u00bb\u00a0\u00bb css=\u00a0\u00bb.vc_custom_1522332962243{padding-top: 73px !important;padding-bottom: 100px !important;}\u00a0\u00bb][vc_column offset=\u00a0\u00bbvc_col-lg-offset-0 vc_col-lg-5 vc_col-md-offset-0 vc_col-md-5 vc_col-sm-offset-0 vc_col-xs-12&Prime;][qode_elements_holder number_of_columns=\u00a0\u00bbone_column\u00a0\u00bb][qode_elements_holder_item advanced_animations=\u00a0\u00bbno\u00a0\u00bb item_padding=\u00a0\u00bb0 0% 0px 43%\u00a0\u00bb item_padding_768_1024=\u00a0\u00bb0 0% 0px 25%\u00a0\u00bb item_padding_600_768=\u00a0\u00bb0 0% 60px 0%\u00a0\u00bb item_padding_480=\u00a0\u00bb0 0% 40px 0%\u00a0\u00bb][vc_single_image image=\u00a0\u00bb2885&Prime; img_size=\u00a0\u00bbfull\u00a0\u00bb qode_css_animation=\u00a0\u00bb\u00a0\u00bb][vc_empty_space height=\u00a0\u00bb30px\u00a0\u00bb][vc_empty_space height=\u00a0\u00bb30px\u00a0\u00bb][vc_single_image image=\u00a0\u00bb17089&Prime; img_size=\u00a0\u00bbfull\u00a0\u00bb qode_css_animation=\u00a0\u00bb\u00a0\u00bb][\/qode_elements_holder_item][\/qode_elements_holder][\/vc_column][vc_column offset=\u00a0\u00bbvc_col-lg-offset-0 vc_col-lg-7 vc_col-md-offset-0 vc_col-md-7 vc_col-sm-offset-0 vc_col-xs-12&Prime;][qode_elements_holder number_of_columns=\u00a0\u00bbone_column\u00a0\u00bb][qode_elements_holder_item advanced_animations=\u00a0\u00bbno\u00a0\u00bb item_padding=\u00a0\u00bb11px 26% 0 44px\u00a0\u00bb item_padding_768_1024=\u00a0\u00bb0px 16% 0 44px\u00a0\u00bb item_padding_600_768=\u00a0\u00bb0px 3% 0 0px\u00a0\u00bb item_padding_480=\u00a0\u00bb11px 0% 0 0px\u00a0\u00bb][vc_column_text]<\/p>\n<h2>PROFESSEURE TITULAIRE DE PIANO<\/h2>\n<h2>Conservatoire Jean-Philippe Rameau<\/h2>\n<p>[\/vc_column_text][vc_empty_space height=\u00a0\u00bb30px\u00a0\u00bb][vc_column_text]En 2004 Ester Pineda est nomm\u00e9e professeur de piano et musique de chambre au Conservatoire du 6\u00e8me arrondissement de la Ville de Paris.<\/p>\n<p>&nbsp;<\/p>\n<h3><strong>Conservatoire Jean Philippe Rameau<\/strong><\/h3>\n<p>3 ter rue Mabillon<\/p>\n<p><u>75006 Paris<\/u>[\/vc_column_text][vc_empty_space height=\u00a0\u00bb60px\u00a0\u00bb][vc_column_text]<\/p>\n<h2>CHARG\u00c9E DE COURS \u00e0 l&rsquo;UFR de Musique et Musicologie<\/h2>\n<h2>Sorbonne Universit\u00e9<\/h2>\n<p>[\/vc_column_text][vc_single_image image=\u00a0\u00bb16966&Prime; img_size=\u00a0\u00bbfull\u00a0\u00bb qode_css_animation=\u00a0\u00bb\u00a0\u00bb][vc_column_text]<\/p>\n<h4><strong>Facult\u00e9 Des Lettres<br \/>\n<\/strong><\/h4>\n<p>1, rue Victor Cousin<\/p>\n<p><u>75005 Paris<\/u>[\/vc_column_text][\/qode_elements_holder_item][\/qode_elements_holder][\/vc_column][\/vc_row][vc_row css_animation=\u00a0\u00bb\u00a0\u00bb row_type=\u00a0\u00bbrow\u00a0\u00bb use_row_as_full_screen_section=\u00a0\u00bbno\u00a0\u00bb type=\u00a0\u00bbgrid\u00a0\u00bb angled_section=\u00a0\u00bbno\u00a0\u00bb text_align=\u00a0\u00bbleft\u00a0\u00bb background_image_as_pattern=\u00a0\u00bbwithout_pattern\u00a0\u00bb z_index=\u00a0\u00bb\u00a0\u00bb css=\u00a0\u00bb.vc_custom_1522333247578{padding-bottom: 130px !important;}\u00a0\u00bb][vc_column offset=\u00a0\u00bbvc_col-lg-offset-0 vc_col-lg-7 vc_col-md-offset-0 vc_col-md-7 vc_col-sm-offset-0 vc_col-xs-12&Prime;][qode_elements_holder number_of_columns=\u00a0\u00bbone_column\u00a0\u00bb][qode_elements_holder_item advanced_animations=\u00a0\u00bbno\u00a0\u00bb item_padding=\u00a0\u00bb11px 2% 0 224px\u00a0\u00bb item_padding_768_1024=\u00a0\u00bb0px 6% 0 97px\u00a0\u00bb item_padding_600_768=\u00a0\u00bb0px 3% 0 0px\u00a0\u00bb item_padding_480=\u00a0\u00bb0px 0% 50px 0px\u00a0\u00bb][vc_column_text]<\/p>\n<h2><strong>En 2023 Ester Pineda cr\u00e9e l&rsquo;Institut de formation continue ARTSYS<\/strong><\/h2>\n<p>[\/vc_column_text][vc_empty_space height=\u00a0\u00bb30px\u00a0\u00bb][vc_column_text]L\u2019Institut ARTSYS d\u00e9veloppe et diffuse des approches neurocognitives de l&rsquo;enseignement musical.<\/p>\n<p>&nbsp;<\/p>\n<p>Il propose une offre de formation professionnelle continue \u00e0 destination des enseignant\u00b7e\u00b7s de musique et des centres de formation (conservatoires, instituts, \u00e9coles de musique, organismes de formation continue, etc.).[\/vc_column_text][vc_empty_space height=\u00a0\u00bb37px\u00a0\u00bb]<a  itemprop=\"url\" href=\"https:\/\/institutartsys.com\/\" target=\"_blank\" data-hover-background-color='#333333' data-hover-border-color='#333333' data-hover-color='#ffffff' class=\"qbutton  medium default\" style=\"color: #333333; border-color: #333333; \">D\u00e9crouvrir l'Institut<\/a>[vc_empty_space height=\u00a0\u00bb37px\u00a0\u00bb]<a  itemprop=\"url\" href=\"https:\/\/www.helloasso.com\/associations\/artsys\/adhesions\/devenez-mecene-soutenez-l-enseignement-musical-et-optimisez-votre-fiscalite\" target=\"_blank\" data-hover-background-color='#333333' data-hover-border-color='#333333' data-hover-color='#ffffff' class=\"qbutton  medium default\" style=\"color: #333333; border-color: #333333; \">Soutenir l'Institut<\/a>[\/qode_elements_holder_item][\/qode_elements_holder][\/vc_column][vc_column offset=\u00a0\u00bbvc_col-lg-offset-0 vc_col-lg-5 vc_col-md-offset-0 vc_col-md-5 vc_col-sm-offset-0 vc_col-xs-12&Prime;][qode_elements_holder number_of_columns=\u00a0\u00bbone_column\u00a0\u00bb][qode_elements_holder_item advanced_animations=\u00a0\u00bbno\u00a0\u00bb item_padding=\u00a0\u00bb0 23% 0 0%\u00a0\u00bb item_padding_768_1024=\u00a0\u00bb0 23% 0 0%\u00a0\u00bb item_padding_600_768=\u00a0\u00bb60px 0% 0 0%\u00a0\u00bb item_padding_480=\u00a0\u00bb0px 0% 0 0%\u00a0\u00bb][vc_single_image image=\u00a0\u00bb17102&Prime; img_size=\u00a0\u00bbfull\u00a0\u00bb qode_css_animation=\u00a0\u00bb\u00a0\u00bb][vc_empty_space height=\u00a0\u00bb30px\u00a0\u00bb][vc_single_image image=\u00a0\u00bb17159&Prime; img_size=\u00a0\u00bbfull\u00a0\u00bb qode_css_animation=\u00a0\u00bb\u00a0\u00bb][\/qode_elements_holder_item][\/qode_elements_holder][\/vc_column][\/vc_row][vc_row css_animation=\u00a0\u00bb\u00a0\u00bb row_type=\u00a0\u00bbrow\u00a0\u00bb use_row_as_full_screen_section=\u00a0\u00bbno\u00a0\u00bb type=\u00a0\u00bbgrid\u00a0\u00bb angled_section=\u00a0\u00bbno\u00a0\u00bb text_align=\u00a0\u00bbleft\u00a0\u00bb background_image_as_pattern=\u00a0\u00bbwithout_pattern\u00a0\u00bb z_index=\u00a0\u00bb\u00a0\u00bb css=\u00a0\u00bb.vc_custom_1522333005929{padding-bottom: 100px !important;}\u00a0\u00bb][vc_column offset=\u00a0\u00bbvc_col-lg-offset-0 vc_col-lg-5 vc_col-md-offset-0 vc_col-md-5 vc_col-sm-offset-0 vc_col-xs-12&Prime;][qode_elements_holder number_of_columns=\u00a0\u00bbone_column\u00a0\u00bb][qode_elements_holder_item advanced_animations=\u00a0\u00bbno\u00a0\u00bb item_padding=\u00a0\u00bb0 0% 0 43%\u00a0\u00bb item_padding_768_1024=\u00a0\u00bb0 0% 0px 25%\u00a0\u00bb item_padding_600_768=\u00a0\u00bb0 0% 60px 0%\u00a0\u00bb item_padding_480=\u00a0\u00bb0px 0% 0 0%\u00a0\u00bb][vc_single_image image=\u00a0\u00bb17118&Prime; img_size=\u00a0\u00bbfull\u00a0\u00bb qode_css_animation=\u00a0\u00bb\u00a0\u00bb][vc_empty_space height=\u00a0\u00bb60px\u00a0\u00bb]<a  itemprop=\"url\" href=\"https:\/\/www.helloasso.com\/associations\/artsys\/evenements\/formation-a-la-pedagogie-kodaly\" target=\"_blank\" data-hover-background-color='#333333' data-hover-border-color='#333333' data-hover-color='#ffffff' class=\"qbutton  medium default\" style=\"color: #333333; border-color: #333333; \">D\u00e9tails sur la formation<\/a>[\/qode_elements_holder_item][\/qode_elements_holder][\/vc_column][vc_column offset=\u00a0\u00bbvc_col-lg-offset-0 vc_col-lg-7 vc_col-md-offset-0 vc_col-md-7 vc_col-sm-offset-0 vc_col-xs-12&Prime;][qode_elements_holder number_of_columns=\u00a0\u00bbone_column\u00a0\u00bb][qode_elements_holder_item advanced_animations=\u00a0\u00bbno\u00a0\u00bb item_padding=\u00a0\u00bb11px 26% 0 44px\u00a0\u00bb item_padding_768_1024=\u00a0\u00bb0px 16% 0 44px\u00a0\u00bb item_padding_600_768=\u00a0\u00bb0px 3% 0 0px\u00a0\u00bb item_padding_480=\u00a0\u00bb50px 0% 0 0px\u00a0\u00bb][vc_column_text]<\/p>\n<h2>Responsable formation Kod\u00e1ly (Ville de Paris-Institut Liszt)<\/h2>\n<h3>MODULES DE FORMATION CONTINUE<\/h3>\n<p>25 et 26 novembre\u00a0 2022<\/p>\n<p>Conservatoire Jean-Philippe Rameau, 6 ter rue Mabillon, 75006 Paris<\/p>\n<p>Institut Liszt, 92 rue Bonaparte, 75006 Paris[\/vc_column_text][vc_column_text][\/vc_column_text][vc_empty_space height=\u00a0\u00bb30px\u00a0\u00bb][\/qode_elements_holder_item][\/qode_elements_holder][\/vc_column][\/vc_row][vc_row css_animation=\u00a0\u00bb\u00a0\u00bb row_type=\u00a0\u00bbrow\u00a0\u00bb use_row_as_full_screen_section=\u00a0\u00bbno\u00a0\u00bb type=\u00a0\u00bbgrid\u00a0\u00bb angled_section=\u00a0\u00bbno\u00a0\u00bb text_align=\u00a0\u00bbleft\u00a0\u00bb background_image_as_pattern=\u00a0\u00bbwithout_pattern\u00a0\u00bb z_index=\u00a0\u00bb\u00a0\u00bb css=\u00a0\u00bb.vc_custom_1522332996034{padding-bottom: 100px !important;}\u00a0\u00bb][vc_column offset=\u00a0\u00bbvc_col-lg-offset-0 vc_col-lg-7 vc_col-md-offset-0 vc_col-md-7 vc_col-sm-offset-0 vc_col-xs-12&Prime;][qode_elements_holder number_of_columns=\u00a0\u00bbone_column\u00a0\u00bb][qode_elements_holder_item advanced_animations=\u00a0\u00bbno\u00a0\u00bb item_padding=\u00a0\u00bb11px 2% 0 224px\u00a0\u00bb item_padding_768_1024=\u00a0\u00bb0px 6% 0 97px\u00a0\u00bb item_padding_600_768=\u00a0\u00bb0px 3% 0 0px\u00a0\u00bb item_padding_480=\u00a0\u00bb0px 0% 0 0px\u00a0\u00bb][vc_column_text]<\/p>\n<h2>JOURN\u00c9ES D&rsquo;\u00c9TUDES, COLLOQUES&#8230;<\/h2>\n<p>[\/vc_column_text][vc_empty_space height=\u00a0\u00bb30px\u00a0\u00bb][vc_column_text]Deux \u00e9ditions de la journ\u00e9e d&rsquo;\u00e9tudes <a href=\"https:\/\/creaa.unistra.fr\/evenements\/journees-detudes\/2022\/musique-et-transmission-sous-leclairage-des-sciences-cognitives\/\"><em>Musique et Transmission\u00a0\u00e0 la lumi\u00e8re<\/em> <em>des sciences cognitives <\/em><\/a>se sont tenues en 2022 et 2024 \u00e0 l&rsquo;Universit\u00e9 de Strasbourg. Co-organis\u00e9es avec Marta Grabocz dans le cadre des activit\u00e9s du groupe de travail \u00ab\u00a0<a href=\"https:\/\/creaa.unistra.fr\/programmes-de-recherche\/memoire-et-temporalite\/musique-memoire-transmission-invariants\/\">Musique, m\u00e9moire, transmission\u00a0 invariants<\/a>\u00a0\u00bb dirig\u00e9 par Beat F\u00f6llmi.[\/vc_column_text][vc_empty_space height=\u00a0\u00bb37px\u00a0\u00bb]<a  itemprop=\"url\" href=\"https:\/\/creaa.unistra.fr\/evenements\/journees-detudes\/2024\/musique-et-transmission-sous-leclairage-des-sciences-cognitives-ii\/\" target=\"_blank\" data-hover-background-color='#333333' data-hover-border-color='#333333' data-hover-color='#ffffff' class=\"qbutton  medium default\" style=\"color: #333333; border-color: #333333; \">D\u00c9TAILS SUR L'\u00c9V\u00c8NEMENT<\/a>[\/qode_elements_holder_item][\/qode_elements_holder][\/vc_column][vc_column offset=\u00a0\u00bbvc_col-lg-offset-0 vc_col-lg-5 vc_col-md-offset-0 vc_col-md-5 vc_col-sm-offset-0 vc_col-xs-12&Prime;][qode_elements_holder number_of_columns=\u00a0\u00bbone_column\u00a0\u00bb][qode_elements_holder_item advanced_animations=\u00a0\u00bbno\u00a0\u00bb item_padding=\u00a0\u00bb0 43% 0 0%\u00a0\u00bb item_padding_768_1024=\u00a0\u00bb0px 25% 0 0px\u00a0\u00bb item_padding_600_768=\u00a0\u00bb60px 0% 0 0px\u00a0\u00bb item_padding_480=\u00a0\u00bb50px 0% 0 0%\u00a0\u00bb][vc_single_image image=\u00a0\u00bb17274&Prime; img_size=\u00a0\u00bbfull\u00a0\u00bb qode_css_animation=\u00a0\u00bb\u00a0\u00bb][\/qode_elements_holder_item][\/qode_elements_holder][\/vc_column][\/vc_row][vc_row css_animation=\u00a0\u00bb\u00a0\u00bb row_type=\u00a0\u00bbrow\u00a0\u00bb use_row_as_full_screen_section=\u00a0\u00bbno\u00a0\u00bb type=\u00a0\u00bbfull_width\u00a0\u00bb angled_section=\u00a0\u00bbno\u00a0\u00bb text_align=\u00a0\u00bbleft\u00a0\u00bb background_image_as_pattern=\u00a0\u00bbwithout_pattern\u00a0\u00bb css=\u00a0\u00bb.vc_custom_1522328028245{padding-top: 150px !important;}\u00a0\u00bb z_index=\u00a0\u00bb\u00a0\u00bb][vc_column][qode_elements_holder background_color=\u00a0\u00bb#fff3e0&Prime; number_of_columns=\u00a0\u00bbone_column\u00a0\u00bb][qode_elements_holder_item advanced_animations=\u00a0\u00bbno\u00a0\u00bb item_padding=\u00a0\u00bb0 30px 0 119px\u00a0\u00bb item_padding_1280_1440=\u00a0\u00bb0 30px 0 30px\u00a0\u00bb item_padding_1024_1280=\u00a0\u00bb0 30px 0 30px\u00a0\u00bb item_padding_768_1024=\u00a0\u00bb0 30px 0 30px\u00a0\u00bb item_padding_600_768=\u00a0\u00bb0 30px 0 30px\u00a0\u00bb item_padding_480_600=\u00a0\u00bb0 30px 0 30px\u00a0\u00bb item_padding_480=\u00a0\u00bb0 30px 0 30px\u00a0\u00bb][vc_single_image image=\u00a0\u00bb15462&Prime; img_size=\u00a0\u00bblarge\u00a0\u00bb alignment=\u00a0\u00bbcenter\u00a0\u00bb qode_css_animation=\u00a0\u00bb\u00a0\u00bb][\/qode_elements_holder_item][\/qode_elements_holder][\/vc_column][\/vc_row]<\/p>\n","protected":false},"excerpt":{"rendered":"<p>[vc_row css_animation=\u00a0\u00bb\u00a0\u00bb row_type=\u00a0\u00bbrow\u00a0\u00bb use_row_as_full_screen_section=\u00a0\u00bbno\u00a0\u00bb type=\u00a0\u00bbgrid\u00a0\u00bb angled_section=\u00a0\u00bbno\u00a0\u00bb text_align=\u00a0\u00bbleft\u00a0\u00bb background_image_as_pattern=\u00a0\u00bbwithout_pattern\u00a0\u00bb z_index=\u00a0\u00bb\u00a0\u00bb css=\u00a0\u00bb.vc_custom_1522332962243{padding-top: 73px !important;padding-bottom: 100px !important;}\u00a0\u00bb][vc_column offset=\u00a0\u00bbvc_col-lg-offset-0 vc_col-lg-5 vc_col-md-offset-0 vc_col-md-5 vc_col-sm-offset-0 vc_col-xs-12&Prime;][qode_elements_holder number_of_columns=\u00a0\u00bbone_column\u00a0\u00bb][qode_elements_holder_item advanced_animations=\u00a0\u00bbno\u00a0\u00bb item_padding=\u00a0\u00bb0 0% 0px 43%\u00a0\u00bb item_padding_768_1024=\u00a0\u00bb0 0% 0px 25%\u00a0\u00bb item_padding_600_768=\u00a0\u00bb0 0% 60px 0%\u00a0\u00bb item_padding_480=\u00a0\u00bb0 0% 40px 0%\u00a0\u00bb][vc_single_image image=\u00a0\u00bb2885&Prime; img_size=\u00a0\u00bbfull\u00a0\u00bb qode_css_animation=\u00a0\u00bb\u00a0\u00bb][vc_empty_space height=\u00a0\u00bb30px\u00a0\u00bb][vc_empty_space height=\u00a0\u00bb30px\u00a0\u00bb][vc_single_image image=\u00a0\u00bb17089&Prime; img_size=\u00a0\u00bbfull\u00a0\u00bb&#8230;<\/p>\n","protected":false},"author":3,"featured_media":0,"parent":0,"menu_order":0,"comment_status":"closed","ping_status":"closed","template":"full_width.php","meta":[],"_links":{"self":[{"href":"https:\/\/www.esterpineda.com\/index.php\/wp-json\/wp\/v2\/pages\/15350"}],"collection":[{"href":"https:\/\/www.esterpineda.com\/index.php\/wp-json\/wp\/v2\/pages"}],"about":[{"href":"https:\/\/www.esterpineda.com\/index.php\/wp-json\/wp\/v2\/types\/page"}],"author":[{"embeddable":true,"href":"https:\/\/www.esterpineda.com\/index.php\/wp-json\/wp\/v2\/users\/3"}],"replies":[{"embeddable":true,"href":"https:\/\/www.esterpineda.com\/index.php\/wp-json\/wp\/v2\/comments?post=15350"}],"version-history":[{"count":101,"href":"https:\/\/www.esterpineda.com\/index.php\/wp-json\/wp\/v2\/pages\/15350\/revisions"}],"predecessor-version":[{"id":17833,"href":"https:\/\/www.esterpineda.com\/index.php\/wp-json\/wp\/v2\/pages\/15350\/revisions\/17833"}],"wp:attachment":[{"href":"https:\/\/www.esterpineda.com\/index.php\/wp-json\/wp\/v2\/media?parent=15350"}],"curies":[{"name":"wp","href":"https:\/\/api.w.org\/{rel}","templated":true}]}}