{"id":15647,"date":"2020-12-01T19:25:10","date_gmt":"2020-12-01T18:25:10","guid":{"rendered":"https:\/\/www.esterpineda.com\/?page_id=15647"},"modified":"2025-10-06T13:58:08","modified_gmt":"2025-10-06T11:58:08","slug":"biographie-2-4","status":"publish","type":"page","link":"https:\/\/www.esterpineda.com\/index.php\/biographie-2-4\/?lang=es","title":{"rendered":"BIOGRAF\u00cdA (cont.)"},"content":{"rendered":"<p>[vc_row css_animation=\u00a0\u00bb\u00a0\u00bb row_type=\u00a0\u00bbrow\u00a0\u00bb use_row_as_full_screen_section=\u00a0\u00bbno\u00a0\u00bb type=\u00a0\u00bbgrid\u00a0\u00bb angled_section=\u00a0\u00bbno\u00a0\u00bb text_align=\u00a0\u00bbcenter\u00a0\u00bb background_image_as_pattern=\u00a0\u00bbwithout_pattern\u00a0\u00bb z_index=\u00a0\u00bb\u00a0\u00bb css=\u00a0\u00bb.vc_custom_1522412709995{padding-top: 62px !important;}\u00a0\u00bb][vc_column][qode_elements_holder number_of_columns=\u00a0\u00bbone_column\u00a0\u00bb][qode_elements_holder_item advanced_animations=\u00a0\u00bbno\u00a0\u00bb item_padding=\u00a0\u00bb0 20% 0 20%\u00a0\u00bb item_padding_600_768=\u00a0\u00bb0 10% 0 10%\u00a0\u00bb item_padding_480=\u00a0\u00bb0 0% 0 0%\u00a0\u00bb][vc_column_text][\/vc_column_text][vc_empty_space height=\u00a0\u00bb20px\u00a0\u00bb][vc_column_text]<\/p>\n<p class=\"cvGsUA direction-ltr align-justify para-style-body\" style=\"text-align: center;\"><span class=\"a_GcMg font-feature-liga-off font-feature-clig-off font-feature-calt-off text-decoration-none text-strikethrough-none\">(Wigmore Hall, Th\u00e9\u00e2tre du Ch\u00e2telet, Festival Chopin, Invalides, Palais Nostitz, Fundaci\u00f3n March, Festival International de Torroella de Montgr\u00ed etc.) y Am\u00e9rica Latina.<\/span><\/p>\n<p>&nbsp;<\/p>\n<p class=\"cvGsUA direction-ltr align-justify para-style-body\" style=\"text-align: center;\"><span class=\"a_GcMg font-feature-liga-off font-feature-clig-off font-feature-calt-off text-decoration-none text-strikethrough-none\">Junto al repertorio de finales del siglo XIX y principios del XX, predominante en su carrera, Ester mantiene un comprometido v\u00ednculo con la m\u00fasica espa\u00f1ola que difunde y promueve intensamente. Sus primeros CD para el sello discogr\u00e1fico <\/span><em><span class=\"a_GcMg font-feature-liga-off font-feature-clig-off font-feature-calt-off text-decoration-none text-strikethrough-none\">Mandala<\/span><\/em><span class=\"a_GcMg font-feature-liga-off font-feature-clig-off font-feature-calt-off text-decoration-none text-strikethrough-none\"> (distr. Harmonia Mundi) son testimonio de esta labor y han sido todos elogiosamente acogidos por la prensa especializada. Apasionada por la m\u00fasica de c\u00e1mara, ha grabado con las violinistas francesas Clara Bonaldi y Ariane Granjon la integral para a viol\u00edn y piano de Joaqu\u00edn Turina y el reciente \u00e1lbum <\/span><em><span class=\"a_GcMg font-feature-liga-off font-feature-clig-off font-feature-calt-off text-decoration-none text-strikethrough-none\">R\u00e9sonances<\/span><\/em><span class=\"a_GcMg font-feature-liga-off font-feature-clig-off font-feature-calt-off text-decoration-none text-strikethrough-none\"> dedicado a Narc\u00eds Bonet y Federico Mompou.<\/span><\/p>\n<p>&nbsp;<\/p>\n<p class=\"cvGsUA direction-ltr align-justify para-style-body\" style=\"text-align: center;\"><span class=\"a_GcMg font-feature-liga-off font-feature-clig-off font-feature-calt-off text-decoration-none text-strikethrough-none\">Su compromiso con la pedagog\u00eda (es profesora en el Conservatoire Jean-Philippe Rameau de Paris y tutora en el Conservatorio Nacional Superior de M\u00fasica de Paris) la ha conducido al mundo de la investigaci\u00f3n especializ\u00e1ndose en neuropsicolog\u00eda de la m\u00fasica. Doctora (PhD) en musicolog\u00eda sistem\u00e1tica, sus temas de investigaci\u00f3n como asociada a los laboratorios <em>IReMus<\/em> (Sorbonne Universit\u00e9) y <em>CREAA<\/em> (Universidad de Estrasburgo) exploran los procesos cognitivos vinculados a la audici\u00f3n interior en el marco del aprenendizage y de la interpretaci\u00f3n. Junto a diversos articulos cient\u00edficos, ha publicado los libros <\/span><span class=\"a_GcMg font-feature-liga-off font-feature-clig-off font-feature-calt-off text-decoration-none text-strikethrough-none\"><em>Le corps musicien : vers une p\u00e9dagogie sensorielle de l\u2019interpr\u00e9tation pianistique<\/em> <\/span><span class=\"a_GcMg font-feature-liga-off font-feature-clig-off font-feature-calt-off text-decoration-none text-strikethrough-none\">(\u00c9d. Delatour, 2019) y <\/span><span class=\"a_GcMg font-feature-liga-off font-feature-clig-off font-feature-calt-off text-decoration-none text-strikethrough-none\"><em>Musique et Transmission \u00e0 la lumi\u00e8re des sciences cognitives<\/em> <\/span><span class=\"a_GcMg font-feature-liga-off font-feature-clig-off font-feature-calt-off text-decoration-none text-strikethrough-none\">(\u00c9d. EAC, 2025)<\/span><\/p>\n<p>[\/vc_column_text][\/qode_elements_holder_item][\/qode_elements_holder][\/vc_column][\/vc_row][vc_row css_animation=\u00a0\u00bb\u00a0\u00bb row_type=\u00a0\u00bbrow\u00a0\u00bb use_row_as_full_screen_section=\u00a0\u00bbno\u00a0\u00bb type=\u00a0\u00bbgrid\u00a0\u00bb angled_section=\u00a0\u00bbno\u00a0\u00bb text_align=\u00a0\u00bbleft\u00a0\u00bb background_image_as_pattern=\u00a0\u00bbwithout_pattern\u00a0\u00bb z_index=\u00a0\u00bb\u00a0\u00bb css=\u00a0\u00bb.vc_custom_1522412971039{padding-top: 85px !important;}\u00a0\u00bb][vc_column][qode_elements_holder number_of_columns=\u00a0\u00bbone_column\u00a0\u00bb][qode_elements_holder_item vertical_alignment=\u00a0\u00bbmiddle\u00a0\u00bb horizontal_alignment=\u00a0\u00bbcenter\u00a0\u00bb advanced_animations=\u00a0\u00bbno\u00a0\u00bb item_padding=\u00a0\u00bb0 0px 0 44%\u00a0\u00bb item_padding_600_768=\u00a0\u00bb0 0px 0 38%\u00a0\u00bb item_padding_480_600=\u00a0\u00bb0 0px 0 38%\u00a0\u00bb item_padding_480=\u00a0\u00bb0 0px 0 26%\u00a0\u00bb background_color=\u00a0\u00bb#000000&Prime;][vc_single_image image=\u00a0\u00bb15466&Prime; img_size=\u00a0\u00bbfull\u00a0\u00bb qode_css_animation=\u00a0\u00bb\u00a0\u00bb][\/qode_elements_holder_item][\/qode_elements_holder][\/vc_column][\/vc_row]<\/p>\n","protected":false},"excerpt":{"rendered":"<p>[vc_row css_animation=\u00a0\u00bb\u00a0\u00bb row_type=\u00a0\u00bbrow\u00a0\u00bb use_row_as_full_screen_section=\u00a0\u00bbno\u00a0\u00bb type=\u00a0\u00bbgrid\u00a0\u00bb angled_section=\u00a0\u00bbno\u00a0\u00bb text_align=\u00a0\u00bbcenter\u00a0\u00bb background_image_as_pattern=\u00a0\u00bbwithout_pattern\u00a0\u00bb z_index=\u00a0\u00bb\u00a0\u00bb css=\u00a0\u00bb.vc_custom_1522412709995{padding-top: 62px !important;}\u00a0\u00bb][vc_column][qode_elements_holder number_of_columns=\u00a0\u00bbone_column\u00a0\u00bb][qode_elements_holder_item advanced_animations=\u00a0\u00bbno\u00a0\u00bb item_padding=\u00a0\u00bb0 20% 0 20%\u00a0\u00bb item_padding_600_768=\u00a0\u00bb0 10% 0 10%\u00a0\u00bb item_padding_480=\u00a0\u00bb0 0% 0 0%\u00a0\u00bb][vc_column_text][\/vc_column_text][vc_empty_space height=\u00a0\u00bb20px\u00a0\u00bb][vc_column_text] (Wigmore Hall, Th\u00e9\u00e2tre du Ch\u00e2telet, Festival Chopin, Invalides, Palais Nostitz, Fundaci\u00f3n March, Festival International de Torroella de Montgr\u00ed&#8230;<\/p>\n","protected":false},"author":3,"featured_media":0,"parent":0,"menu_order":0,"comment_status":"closed","ping_status":"closed","template":"full_width.php","meta":[],"_links":{"self":[{"href":"https:\/\/www.esterpineda.com\/index.php\/wp-json\/wp\/v2\/pages\/15647"}],"collection":[{"href":"https:\/\/www.esterpineda.com\/index.php\/wp-json\/wp\/v2\/pages"}],"about":[{"href":"https:\/\/www.esterpineda.com\/index.php\/wp-json\/wp\/v2\/types\/page"}],"author":[{"embeddable":true,"href":"https:\/\/www.esterpineda.com\/index.php\/wp-json\/wp\/v2\/users\/3"}],"replies":[{"embeddable":true,"href":"https:\/\/www.esterpineda.com\/index.php\/wp-json\/wp\/v2\/comments?post=15647"}],"version-history":[{"count":19,"href":"https:\/\/www.esterpineda.com\/index.php\/wp-json\/wp\/v2\/pages\/15647\/revisions"}],"predecessor-version":[{"id":17925,"href":"https:\/\/www.esterpineda.com\/index.php\/wp-json\/wp\/v2\/pages\/15647\/revisions\/17925"}],"wp:attachment":[{"href":"https:\/\/www.esterpineda.com\/index.php\/wp-json\/wp\/v2\/media?parent=15647"}],"curies":[{"name":"wp","href":"https:\/\/api.w.org\/{rel}","templated":true}]}}

BIOGRAFÍA (cont.)

<p>[vc_row css_animation= » » row_type= »row » use_row_as_full_screen_section= »no » type= »grid » angled_section= »no » text_align= »center » background_image_as_pattern= »without_pattern » z_index= » » css= ».vc_custom_1522412709995{padding-top: 62px !important;} »][vc_column][qode_elements_holder number_of_columns= »one_column »][qode_elements_holder_item advanced_animations= »no » item_padding= »0 20% 0 20% » item_padding_600_768= »0 10% 0 10% » item_padding_480= »0 0% 0 0% »][vc_column_text][/vc_column_text][vc_empty_space height= »20px »][vc_column_text]</p>
<p class="cvGsUA direction-ltr align-justify para-style-body" style="text-align: center;"><span class="a_GcMg font-feature-liga-off font-feature-clig-off font-feature-calt-off text-decoration-none text-strikethrough-none">(Wigmore Hall, Théâtre du Châtelet, Festival Chopin, Invalides, Palais Nostitz, Fundación March, Festival International de Torroella de Montgrí etc.) y América Latina.</span></p>
<p>&nbsp;</p>
<p class="cvGsUA direction-ltr align-justify para-style-body" style="text-align: center;"><span class="a_GcMg font-feature-liga-off font-feature-clig-off font-feature-calt-off text-decoration-none text-strikethrough-none">Junto al repertorio de finales del siglo XIX y principios del XX, predominante en su carrera, Ester mantiene un comprometido vínculo con la música española que difunde y promueve intensamente. Sus primeros CD para el sello discográfico </span><em><span class="a_GcMg font-feature-liga-off font-feature-clig-off font-feature-calt-off text-decoration-none text-strikethrough-none">Mandala</span></em><span class="a_GcMg font-feature-liga-off font-feature-clig-off font-feature-calt-off text-decoration-none text-strikethrough-none"> (distr. Harmonia Mundi) son testimonio de esta labor y han sido todos elogiosamente acogidos por la prensa especializada. Apasionada por la música de cámara, ha grabado con las violinistas francesas Clara Bonaldi y Ariane Granjon la integral para a violín y piano de Joaquín Turina y el reciente álbum </span><em><span class="a_GcMg font-feature-liga-off font-feature-clig-off font-feature-calt-off text-decoration-none text-strikethrough-none">Résonances</span></em><span class="a_GcMg font-feature-liga-off font-feature-clig-off font-feature-calt-off text-decoration-none text-strikethrough-none"> dedicado a Narcís Bonet y Federico Mompou.</span></p>
<p>&nbsp;</p>
<p class="cvGsUA direction-ltr align-justify para-style-body" style="text-align: center;"><span class="a_GcMg font-feature-liga-off font-feature-clig-off font-feature-calt-off text-decoration-none text-strikethrough-none">Su compromiso con la pedagogía (es profesora en el Conservatoire Jean-Philippe Rameau de Paris y tutora en el Conservatorio Nacional Superior de Música de Paris) la ha conducido al mundo de la investigación especializándose en neuropsicología de la música. Doctora (PhD) en musicología sistemática, sus temas de investigación como asociada a los laboratorios <em>IReMus</em> (Sorbonne Université) y <em>CREAA</em> (Universidad de Estrasburgo) exploran los procesos cognitivos vinculados a la audición interior en el marco del aprenendizage y de la interpretación. Junto a diversos articulos científicos, ha publicado los libros </span><span class="a_GcMg font-feature-liga-off font-feature-clig-off font-feature-calt-off text-decoration-none text-strikethrough-none"><em>Le corps musicien : vers une pédagogie sensorielle de l’interprétation pianistique</em> </span><span class="a_GcMg font-feature-liga-off font-feature-clig-off font-feature-calt-off text-decoration-none text-strikethrough-none">(Éd. Delatour, 2019) y </span><span class="a_GcMg font-feature-liga-off font-feature-clig-off font-feature-calt-off text-decoration-none text-strikethrough-none"><em>Musique et Transmission à la lumière des sciences cognitives</em> </span><span class="a_GcMg font-feature-liga-off font-feature-clig-off font-feature-calt-off text-decoration-none text-strikethrough-none">(Éd. EAC, 2025)</span></p>
<p>[/vc_column_text][/qode_elements_holder_item][/qode_elements_holder][/vc_column][/vc_row][vc_row css_animation= » » row_type= »row » use_row_as_full_screen_section= »no » type= »grid » angled_section= »no » text_align= »left » background_image_as_pattern= »without_pattern » z_index= » » css= ».vc_custom_1522412971039{padding-top: 85px !important;} »][vc_column][qode_elements_holder number_of_columns= »one_column »][qode_elements_holder_item vertical_alignment= »middle » horizontal_alignment= »center » advanced_animations= »no » item_padding= »0 0px 0 44% » item_padding_600_768= »0 0px 0 38% » item_padding_480_600= »0 0px 0 38% » item_padding_480= »0 0px 0 26% » background_color= »#000000&Prime;][vc_single_image image= »15466&Prime; img_size= »full » qode_css_animation= » »][/qode_elements_holder_item][/qode_elements_holder][/vc_column][/vc_row]</p>

<p>[vc_row css_animation= » » row_type= »row » use_row_as_full_screen_section= »no » type= »grid » angled_section= »no » text_align= »center » background_image_as_pattern= »without_pattern » z_index= » » css= ».vc_custom_1522412709995{padding-top: 62px !important;} »][vc_column][qode_elements_holder number_of_columns= »one_column »][qode_elements_holder_item advanced_animations= »no » item_padding= »0 20% 0 20% » item_padding_600_768= »0 10% 0 10% » item_padding_480= »0 0% 0 0% »][vc_column_text][/vc_column_text][vc_empty_space height= »20px »][vc_column_text] (Wigmore Hall, Théâtre du Châtelet, Festival Chopin, Invalides, Palais Nostitz, Fundación March, Festival International de Torroella de Montgrí&#8230;</p>
