{"id":15791,"date":"2020-06-04T19:24:51","date_gmt":"2020-06-04T17:24:51","guid":{"rendered":"https:\/\/www.esterpineda.com\/?page_id=15791"},"modified":"2025-10-02T19:45:20","modified_gmt":"2025-10-02T17:45:20","slug":"enseignement","status":"publish","type":"page","link":"https:\/\/www.esterpineda.com\/index.php\/enseignement\/?lang=ca","title":{"rendered":"Ensenyament"},"content":{"rendered":"<p>[vc_row css_animation=\u00a0\u00bb\u00a0\u00bb row_type=\u00a0\u00bbrow\u00a0\u00bb use_row_as_full_screen_section=\u00a0\u00bbno\u00a0\u00bb type=\u00a0\u00bbgrid\u00a0\u00bb angled_section=\u00a0\u00bbno\u00a0\u00bb text_align=\u00a0\u00bbleft\u00a0\u00bb background_image_as_pattern=\u00a0\u00bbwithout_pattern\u00a0\u00bb z_index=\u00a0\u00bb\u00a0\u00bb css=\u00a0\u00bb.vc_custom_1522332962243{padding-top: 73px !important;padding-bottom: 100px !important;}\u00a0\u00bb][vc_column offset=\u00a0\u00bbvc_col-lg-offset-0 vc_col-lg-5 vc_col-md-offset-0 vc_col-md-5 vc_col-sm-offset-0 vc_col-xs-12&Prime;][qode_elements_holder number_of_columns=\u00a0\u00bbone_column\u00a0\u00bb][qode_elements_holder_item advanced_animations=\u00a0\u00bbno\u00a0\u00bb item_padding=\u00a0\u00bb0 0% 0px 43%\u00a0\u00bb item_padding_768_1024=\u00a0\u00bb0 0% 0px 25%\u00a0\u00bb item_padding_600_768=\u00a0\u00bb0 0% 60px 0%\u00a0\u00bb item_padding_480=\u00a0\u00bb0 0% 40px 0%\u00a0\u00bb][vc_single_image image=\u00a0\u00bb2885&Prime; img_size=\u00a0\u00bbfull\u00a0\u00bb qode_css_animation=\u00a0\u00bb\u00a0\u00bb][\/qode_elements_holder_item][\/qode_elements_holder][\/vc_column][vc_column offset=\u00a0\u00bbvc_col-lg-offset-0 vc_col-lg-7 vc_col-md-offset-0 vc_col-md-7 vc_col-sm-offset-0 vc_col-xs-12&Prime;][qode_elements_holder number_of_columns=\u00a0\u00bbone_column\u00a0\u00bb][qode_elements_holder_item advanced_animations=\u00a0\u00bbno\u00a0\u00bb item_padding=\u00a0\u00bb11px 26% 0 44px\u00a0\u00bb item_padding_768_1024=\u00a0\u00bb0px 16% 0 44px\u00a0\u00bb item_padding_600_768=\u00a0\u00bb0px 3% 0 0px\u00a0\u00bb item_padding_480=\u00a0\u00bb11px 0% 0 0px\u00a0\u00bb][vc_column_text]<\/p>\n<h2>PROFESSORA TITULAR DE PIANO<\/h2>\n<h3>Conservatoire Jean-Philippe Rameau<\/h3>\n<p>[\/vc_column_text][vc_empty_space height=\u00a0\u00bb30px\u00a0\u00bb][vc_column_text]Des del 2004, Ester Pineda exerceix com a professora de piano i musica de cambra al Conservatoire Jean-Philippe Rameau de la Ville de Paris. Paralelament a la seva tasca docent, \u00e9s membre del consell pedag\u00f2gic i ha impulsat la innovaci\u00f3 del sistema d\u2019avaluaci\u00f3.<\/p>\n<p>&nbsp;<\/p>\n<p>Master de <em>Transmission et M\u00e9diation Culturelle<\/em> per l&rsquo;Universit\u00e9 Paris 8, Ester dedica una part de la seva activitat professional a la concepci\u00f3 de propostes art\u00edstiques en el marc de projectes interculturals a nivell nacional, europeu o internacional.<\/p>\n<p>&nbsp;<\/p>\n<p><strong>Conservatoire Jean Philippe Rameau<\/strong><\/p>\n<p>3 ter rue Mabillon<\/p>\n<p><u>75006 Paris<\/u>[\/vc_column_text][vc_empty_space height=\u00a0\u00bb37px\u00a0\u00bb][\/qode_elements_holder_item][\/qode_elements_holder][\/vc_column][\/vc_row][vc_row css_animation=\u00a0\u00bb\u00a0\u00bb row_type=\u00a0\u00bbrow\u00a0\u00bb use_row_as_full_screen_section=\u00a0\u00bbno\u00a0\u00bb type=\u00a0\u00bbgrid\u00a0\u00bb angled_section=\u00a0\u00bbno\u00a0\u00bb text_align=\u00a0\u00bbleft\u00a0\u00bb background_image_as_pattern=\u00a0\u00bbwithout_pattern\u00a0\u00bb z_index=\u00a0\u00bb\u00a0\u00bb css=\u00a0\u00bb.vc_custom_1522332962243{padding-top: 73px !important;padding-bottom: 100px !important;}\u00a0\u00bb][vc_column offset=\u00a0\u00bbvc_col-lg-offset-0 vc_col-lg-7 vc_col-md-offset-0 vc_col-md-7 vc_col-sm-offset-0 vc_col-xs-12&Prime;][qode_elements_holder number_of_columns=\u00a0\u00bbone_column\u00a0\u00bb][qode_elements_holder_item advanced_animations=\u00a0\u00bbno\u00a0\u00bb item_padding=\u00a0\u00bb11px 26% 0 44px\u00a0\u00bb item_padding_768_1024=\u00a0\u00bb0px 16% 0 44px\u00a0\u00bb item_padding_600_768=\u00a0\u00bb0px 3% 0 0px\u00a0\u00bb item_padding_480=\u00a0\u00bb11px 0% 0 0px\u00a0\u00bb][vc_column_text]<\/p>\n<h2><strong>Al 2023 Ester Pineda funda l\u2019Institut de formaci\u00f3 cont\u00ednua ARTSYS<\/strong><\/h2>\n<p data-start=\"79\" data-end=\"173\">L\u2019Institut ARTSYS desenvolupa i difon enfocaments neurocognitius de l\u2019ensenyament musical.<\/p>\n<p data-start=\"175\" data-end=\"375\">Ofereix una proposta de formaci\u00f3 professional cont\u00ednua adre\u00e7ada al professorat de m\u00fasica i als centres de formaci\u00f3 (conservatoris, instituts, escoles de m\u00fasica, entitats de formaci\u00f3 cont\u00ednua, etc.).<\/p>\n<p>[\/vc_column_text][vc_empty_space height=\u00a0\u00bb37px\u00a0\u00bb]<a  itemprop=\"url\" href=\"https:\/\/institutartsys.com\/\" target=\"_blank\" data-hover-background-color='#333333' data-hover-border-color='#333333' data-hover-color='#ffffff' class=\"qbutton  medium default\" style=\"color: #333333; border-color: #333333; \">DESCOBREIX L'INSTITUT<\/a>[vc_empty_space height=\u00a0\u00bb37px\u00a0\u00bb]<a  itemprop=\"url\" href=\"https:\/\/www.helloasso.com\/associations\/artsys\/adhesions\/devenez-mecene-soutenez-l-enseignement-musical-et-optimisez-votre-fiscalite\" target=\"_blank\" data-hover-background-color='#333333' data-hover-border-color='#333333' data-hover-color='#ffffff' class=\"qbutton  medium default\" style=\"color: #333333; border-color: #333333; \">RECOL\u00c7A L'INSTITUT ARTSYS<\/a>[\/qode_elements_holder_item][\/qode_elements_holder][\/vc_column][vc_column offset=\u00a0\u00bbvc_col-lg-offset-0 vc_col-lg-5 vc_col-md-offset-0 vc_col-md-5 vc_col-sm-offset-0 vc_col-xs-12&Prime;][qode_elements_holder number_of_columns=\u00a0\u00bbone_column\u00a0\u00bb][qode_elements_holder_item advanced_animations=\u00a0\u00bbno\u00a0\u00bb item_padding=\u00a0\u00bb0 0% 0px 43%\u00a0\u00bb item_padding_768_1024=\u00a0\u00bb0 0% 0px 25%\u00a0\u00bb item_padding_600_768=\u00a0\u00bb0 0% 60px 0%\u00a0\u00bb item_padding_480=\u00a0\u00bb0 0% 40px 0%\u00a0\u00bb][vc_single_image image=\u00a0\u00bb17103&Prime; img_size=\u00a0\u00bbfull\u00a0\u00bb qode_css_animation=\u00a0\u00bb\u00a0\u00bb][vc_empty_space height=\u00a0\u00bb37px\u00a0\u00bb][vc_single_image image=\u00a0\u00bb17160&Prime; img_size=\u00a0\u00bbfull\u00a0\u00bb qode_css_animation=\u00a0\u00bb\u00a0\u00bb][\/qode_elements_holder_item][\/qode_elements_holder][\/vc_column][\/vc_row][vc_row css_animation=\u00a0\u00bb\u00a0\u00bb row_type=\u00a0\u00bbrow\u00a0\u00bb use_row_as_full_screen_section=\u00a0\u00bbno\u00a0\u00bb type=\u00a0\u00bbgrid\u00a0\u00bb angled_section=\u00a0\u00bbno\u00a0\u00bb text_align=\u00a0\u00bbleft\u00a0\u00bb background_image_as_pattern=\u00a0\u00bbwithout_pattern\u00a0\u00bb z_index=\u00a0\u00bb\u00a0\u00bb css=\u00a0\u00bb.vc_custom_1522333247578{padding-bottom: 130px !important;}\u00a0\u00bb][vc_column offset=\u00a0\u00bbvc_col-lg-offset-0 vc_col-lg-7 vc_col-md-offset-0 vc_col-md-7 vc_col-sm-offset-0 vc_col-xs-12&Prime;][qode_elements_holder number_of_columns=\u00a0\u00bbone_column\u00a0\u00bb][qode_elements_holder_item advanced_animations=\u00a0\u00bbno\u00a0\u00bb item_padding=\u00a0\u00bb11px 2% 0 224px\u00a0\u00bb item_padding_768_1024=\u00a0\u00bb0px 6% 0 97px\u00a0\u00bb item_padding_600_768=\u00a0\u00bb0px 3% 0 0px\u00a0\u00bb item_padding_480=\u00a0\u00bb0px 0% 50px 0px\u00a0\u00bb][vc_column_text]<\/p>\n<h2>ALTRES FORMACIONS<\/h2>\n<p>[\/vc_column_text][vc_empty_space height=\u00a0\u00bb30px\u00a0\u00bb][vc_column_text]<\/p>\n<h3><\/h3>\n<h3><strong>Optimizar l&rsquo;enseynament musical sota la perspectiva de les ci\u00e8nces cognitives<br \/>\n<\/strong><\/h3>\n<p>&nbsp;<\/p>\n<p>A la intersecci\u00f3 de la musicologia, de q\u00fcestions d\u2019ensenyament-aprenentatge i de la neuropsicologia cognitiva de la musica, Ester Pineda dispensa formacions a instituts superiors de formaci\u00f3 art\u00edstica especialitzada i a xarxes de conservatoris.[\/vc_column_text][vc_empty_space height=\u00a0\u00bb37px\u00a0\u00bb][\/qode_elements_holder_item][\/qode_elements_holder][\/vc_column][vc_column offset=\u00a0\u00bbvc_col-lg-offset-0 vc_col-lg-5 vc_col-md-offset-0 vc_col-md-5 vc_col-sm-offset-0 vc_col-xs-12&Prime;][qode_elements_holder number_of_columns=\u00a0\u00bbone_column\u00a0\u00bb][qode_elements_holder_item advanced_animations=\u00a0\u00bbno\u00a0\u00bb item_padding=\u00a0\u00bb0 23% 0 0%\u00a0\u00bb item_padding_768_1024=\u00a0\u00bb0 23% 0 0%\u00a0\u00bb item_padding_600_768=\u00a0\u00bb60px 0% 0 0%\u00a0\u00bb item_padding_480=\u00a0\u00bb0px 0% 0 0%\u00a0\u00bb][vc_single_image image=\u00a0\u00bb2959&Prime; img_size=\u00a0\u00bbfull\u00a0\u00bb qode_css_animation=\u00a0\u00bb\u00a0\u00bb][vc_empty_space height=\u00a0\u00bb37px\u00a0\u00bb]<a  itemprop=\"url\" href=\"\" target=\"_self\" data-hover-background-color='#333333' data-hover-border-color='#333333' data-hover-color='#ffffff' class=\"qbutton  medium default\" style=\"color: #333333; border-color: #333333; \">Mirar un fragment de la confer\u00e8ncia<\/a>[\/qode_elements_holder_item][\/qode_elements_holder][\/vc_column][\/vc_row][vc_row css_animation=\u00a0\u00bb\u00a0\u00bb row_type=\u00a0\u00bbrow\u00a0\u00bb use_row_as_full_screen_section=\u00a0\u00bbno\u00a0\u00bb type=\u00a0\u00bbgrid\u00a0\u00bb angled_section=\u00a0\u00bbno\u00a0\u00bb text_align=\u00a0\u00bbleft\u00a0\u00bb background_image_as_pattern=\u00a0\u00bbwithout_pattern\u00a0\u00bb z_index=\u00a0\u00bb\u00a0\u00bb css=\u00a0\u00bb.vc_custom_1522333005929{padding-bottom: 100px !important;}\u00a0\u00bb][vc_column offset=\u00a0\u00bbvc_col-lg-offset-0 vc_col-lg-5 vc_col-md-offset-0 vc_col-md-5 vc_col-sm-offset-0 vc_col-xs-12&Prime;][qode_elements_holder number_of_columns=\u00a0\u00bbone_column\u00a0\u00bb][qode_elements_holder_item advanced_animations=\u00a0\u00bbno\u00a0\u00bb item_padding=\u00a0\u00bb0 0% 0 43%\u00a0\u00bb item_padding_768_1024=\u00a0\u00bb0 0% 0px 25%\u00a0\u00bb item_padding_600_768=\u00a0\u00bb0 0% 60px 0%\u00a0\u00bb item_padding_480=\u00a0\u00bb0px 0% 0 0%\u00a0\u00bb][vc_single_image image=\u00a0\u00bb16984&Prime; img_size=\u00a0\u00bbfull\u00a0\u00bb qode_css_animation=\u00a0\u00bb\u00a0\u00bb][\/qode_elements_holder_item][\/qode_elements_holder][\/vc_column][vc_column offset=\u00a0\u00bbvc_col-lg-offset-0 vc_col-lg-7 vc_col-md-offset-0 vc_col-md-7 vc_col-sm-offset-0 vc_col-xs-12&Prime;][qode_elements_holder number_of_columns=\u00a0\u00bbone_column\u00a0\u00bb][qode_elements_holder_item advanced_animations=\u00a0\u00bbno\u00a0\u00bb item_padding=\u00a0\u00bb11px 26% 0 44px\u00a0\u00bb item_padding_768_1024=\u00a0\u00bb0px 16% 0 44px\u00a0\u00bb item_padding_600_768=\u00a0\u00bb0px 3% 0 0px\u00a0\u00bb item_padding_480=\u00a0\u00bb50px 0% 0 0px\u00a0\u00bb][vc_column_text]<\/p>\n<h2>M\u00d2DULS DE FORMACI\u00d3 PERMANENT<\/h2>\n<h3>Responsable de la formaci\u00f3 Kod\u00e1ly 2022<\/h3>\n<p>&nbsp;<\/p>\n<p>[\/vc_column_text][vc_column_text][\/vc_column_text][vc_empty_space height=\u00a0\u00bb30px\u00a0\u00bb]<a  itemprop=\"url\" href=\"https:\/\/www.helloasso.com\/associations\/artsys\/evenements\/formation-a-la-pedagogie-kodaly\" target=\"_blank\" data-hover-background-color='#333333' data-hover-border-color='#333333' data-hover-color='#ffffff' class=\"qbutton  medium default\" style=\"color: #333333; border-color: #333333; \">M\u00c9S INFORMACI\u00d3 \/ INCRIPCIONS<\/a>[\/qode_elements_holder_item][\/qode_elements_holder][\/vc_column][\/vc_row][vc_row css_animation=\u00a0\u00bb\u00a0\u00bb row_type=\u00a0\u00bbrow\u00a0\u00bb use_row_as_full_screen_section=\u00a0\u00bbno\u00a0\u00bb type=\u00a0\u00bbgrid\u00a0\u00bb angled_section=\u00a0\u00bbno\u00a0\u00bb text_align=\u00a0\u00bbleft\u00a0\u00bb background_image_as_pattern=\u00a0\u00bbwithout_pattern\u00a0\u00bb z_index=\u00a0\u00bb\u00a0\u00bb css=\u00a0\u00bb.vc_custom_1522332996034{padding-bottom: 100px !important;}\u00a0\u00bb][vc_column offset=\u00a0\u00bbvc_col-lg-offset-0 vc_col-lg-7 vc_col-md-offset-0 vc_col-md-7 vc_col-sm-offset-0 vc_col-xs-12&Prime;][qode_elements_holder number_of_columns=\u00a0\u00bbone_column\u00a0\u00bb][qode_elements_holder_item advanced_animations=\u00a0\u00bbno\u00a0\u00bb item_padding=\u00a0\u00bb11px 2% 0 224px\u00a0\u00bb item_padding_768_1024=\u00a0\u00bb0px 6% 0 97px\u00a0\u00bb item_padding_600_768=\u00a0\u00bb0px 3% 0 0px\u00a0\u00bb item_padding_480=\u00a0\u00bb0px 0% 0 0px\u00a0\u00bb][vc_column_text]<\/p>\n<h2>SEMINARIS D&rsquo;ESTUDI, COL\u00b7LOQUIS&#8230;<\/h2>\n<p>[\/vc_column_text][vc_empty_space height=\u00a0\u00bb30px\u00a0\u00bb][vc_column_text]Ester Pineda ha estat a l&rsquo;origen de les dues edicions de <a href=\"https:\/\/creaa.unistra.fr\/evenements\/journees-detudes\/2022\/musique-et-transmission-sous-leclairage-des-sciences-cognitives\/\"><em>Musique et Transmission\u00a0\u00e0 la lumi\u00e8re<\/em>\u00a0<em>des sciences cognitives\u00a0<\/em><\/a>, jornades d\u2019etudi que han tingut lloc al 2022 i 2024 a l\u2019Universitat d&rsquo;Etrasbourg. Co-organitzades amb Marta Grabocz en el marc de les activitats del group de recerca \u00ab <a href=\"https:\/\/creaa.unistra.fr\/programmes-de-recherche\/memoire-et-temporalite\/musique-memoire-transmission-invariants\/\">Musique, m\u00e9moire, transmission\u00a0 invariants<\/a> \u00bb dirigit par Beat F\u00f6llmi.[\/vc_column_text][vc_empty_space height=\u00a0\u00bb37px\u00a0\u00bb]<a  itemprop=\"url\" href=\"https:\/\/creaa.unistra.fr\/evenements\/journees-detudes\/2024\/musique-et-transmission-ii-a-la-lumiere-des-sciences-cognitives\/\" target=\"_self\" data-hover-background-color='#333333' data-hover-border-color='#333333' data-hover-color='#ffffff' class=\"qbutton  medium default\" style=\"color: #333333; border-color: #333333; \">M\u00c9S INFORMACI\u00d3 SOBRE LES JORNADES<\/a>[\/qode_elements_holder_item][\/qode_elements_holder][\/vc_column][vc_column offset=\u00a0\u00bbvc_col-lg-offset-0 vc_col-lg-5 vc_col-md-offset-0 vc_col-md-5 vc_col-sm-offset-0 vc_col-xs-12&Prime;][qode_elements_holder number_of_columns=\u00a0\u00bbone_column\u00a0\u00bb][qode_elements_holder_item advanced_animations=\u00a0\u00bbno\u00a0\u00bb item_padding=\u00a0\u00bb0 43% 0 0%\u00a0\u00bb item_padding_768_1024=\u00a0\u00bb0px 25% 0 0px\u00a0\u00bb item_padding_600_768=\u00a0\u00bb60px 0% 0 0px\u00a0\u00bb item_padding_480=\u00a0\u00bb50px 0% 0 0%\u00a0\u00bb][vc_single_image image=\u00a0\u00bb17275&Prime; img_size=\u00a0\u00bbfull\u00a0\u00bb qode_css_animation=\u00a0\u00bb\u00a0\u00bb][\/qode_elements_holder_item][\/qode_elements_holder][\/vc_column][\/vc_row][vc_row css_animation=\u00a0\u00bb\u00a0\u00bb row_type=\u00a0\u00bbrow\u00a0\u00bb use_row_as_full_screen_section=\u00a0\u00bbno\u00a0\u00bb type=\u00a0\u00bbfull_width\u00a0\u00bb angled_section=\u00a0\u00bbno\u00a0\u00bb text_align=\u00a0\u00bbleft\u00a0\u00bb background_image_as_pattern=\u00a0\u00bbwithout_pattern\u00a0\u00bb css=\u00a0\u00bb.vc_custom_1522328028245{padding-top: 150px !important;}\u00a0\u00bb z_index=\u00a0\u00bb\u00a0\u00bb][vc_column][qode_elements_holder background_color=\u00a0\u00bb#fff3e0&Prime; number_of_columns=\u00a0\u00bbone_column\u00a0\u00bb][qode_elements_holder_item advanced_animations=\u00a0\u00bbno\u00a0\u00bb item_padding=\u00a0\u00bb0 30px 0 119px\u00a0\u00bb item_padding_1280_1440=\u00a0\u00bb0 30px 0 30px\u00a0\u00bb item_padding_1024_1280=\u00a0\u00bb0 30px 0 30px\u00a0\u00bb item_padding_768_1024=\u00a0\u00bb0 30px 0 30px\u00a0\u00bb item_padding_600_768=\u00a0\u00bb0 30px 0 30px\u00a0\u00bb item_padding_480_600=\u00a0\u00bb0 30px 0 30px\u00a0\u00bb item_padding_480=\u00a0\u00bb0 30px 0 30px\u00a0\u00bb][vc_single_image image=\u00a0\u00bb15462&Prime; img_size=\u00a0\u00bblarge\u00a0\u00bb alignment=\u00a0\u00bbcenter\u00a0\u00bb qode_css_animation=\u00a0\u00bb\u00a0\u00bb][\/qode_elements_holder_item][\/qode_elements_holder][\/vc_column][\/vc_row]<\/p>\n","protected":false},"excerpt":{"rendered":"<p>[vc_row css_animation=\u00a0\u00bb\u00a0\u00bb row_type=\u00a0\u00bbrow\u00a0\u00bb use_row_as_full_screen_section=\u00a0\u00bbno\u00a0\u00bb type=\u00a0\u00bbgrid\u00a0\u00bb angled_section=\u00a0\u00bbno\u00a0\u00bb text_align=\u00a0\u00bbleft\u00a0\u00bb background_image_as_pattern=\u00a0\u00bbwithout_pattern\u00a0\u00bb z_index=\u00a0\u00bb\u00a0\u00bb css=\u00a0\u00bb.vc_custom_1522332962243{padding-top: 73px !important;padding-bottom: 100px !important;}\u00a0\u00bb][vc_column offset=\u00a0\u00bbvc_col-lg-offset-0 vc_col-lg-5 vc_col-md-offset-0 vc_col-md-5 vc_col-sm-offset-0 vc_col-xs-12&Prime;][qode_elements_holder number_of_columns=\u00a0\u00bbone_column\u00a0\u00bb][qode_elements_holder_item advanced_animations=\u00a0\u00bbno\u00a0\u00bb item_padding=\u00a0\u00bb0 0% 0px 43%\u00a0\u00bb item_padding_768_1024=\u00a0\u00bb0 0% 0px 25%\u00a0\u00bb item_padding_600_768=\u00a0\u00bb0 0% 60px 0%\u00a0\u00bb item_padding_480=\u00a0\u00bb0 0% 40px 0%\u00a0\u00bb][vc_single_image image=\u00a0\u00bb2885&Prime; img_size=\u00a0\u00bbfull\u00a0\u00bb qode_css_animation=\u00a0\u00bb\u00a0\u00bb][\/qode_elements_holder_item][\/qode_elements_holder][\/vc_column][vc_column offset=\u00a0\u00bbvc_col-lg-offset-0 vc_col-lg-7 vc_col-md-offset-0 vc_col-md-7&#8230;<\/p>\n","protected":false},"author":2,"featured_media":0,"parent":0,"menu_order":0,"comment_status":"closed","ping_status":"closed","template":"full_width.php","meta":[],"_links":{"self":[{"href":"https:\/\/www.esterpineda.com\/index.php\/wp-json\/wp\/v2\/pages\/15791"}],"collection":[{"href":"https:\/\/www.esterpineda.com\/index.php\/wp-json\/wp\/v2\/pages"}],"about":[{"href":"https:\/\/www.esterpineda.com\/index.php\/wp-json\/wp\/v2\/types\/page"}],"author":[{"embeddable":true,"href":"https:\/\/www.esterpineda.com\/index.php\/wp-json\/wp\/v2\/users\/2"}],"replies":[{"embeddable":true,"href":"https:\/\/www.esterpineda.com\/index.php\/wp-json\/wp\/v2\/comments?post=15791"}],"version-history":[{"count":21,"href":"https:\/\/www.esterpineda.com\/index.php\/wp-json\/wp\/v2\/pages\/15791\/revisions"}],"predecessor-version":[{"id":17879,"href":"https:\/\/www.esterpineda.com\/index.php\/wp-json\/wp\/v2\/pages\/15791\/revisions\/17879"}],"wp:attachment":[{"href":"https:\/\/www.esterpineda.com\/index.php\/wp-json\/wp\/v2\/media?parent=15791"}],"curies":[{"name":"wp","href":"https:\/\/api.w.org\/{rel}","templated":true}]}}