{"id":16478,"date":"2020-06-04T19:24:51","date_gmt":"2020-06-04T17:24:51","guid":{"rendered":"https:\/\/www.esterpineda.com\/index.php\/enseignement\/"},"modified":"2025-10-06T21:39:50","modified_gmt":"2025-10-06T19:39:50","slug":"enseignement","status":"publish","type":"page","link":"https:\/\/www.esterpineda.com\/index.php\/enseignement\/?lang=es","title":{"rendered":"Docencia"},"content":{"rendered":"<p>[vc_row css_animation=\u00a0\u00bb\u00a0\u00bb row_type=\u00a0\u00bbrow\u00a0\u00bb use_row_as_full_screen_section=\u00a0\u00bbno\u00a0\u00bb type=\u00a0\u00bbgrid\u00a0\u00bb angled_section=\u00a0\u00bbno\u00a0\u00bb text_align=\u00a0\u00bbleft\u00a0\u00bb background_image_as_pattern=\u00a0\u00bbwithout_pattern\u00a0\u00bb z_index=\u00a0\u00bb\u00a0\u00bb css=\u00a0\u00bb.vc_custom_1522332962243{padding-top: 73px !important;padding-bottom: 100px !important;}\u00a0\u00bb][vc_column offset=\u00a0\u00bbvc_col-lg-offset-0 vc_col-lg-5 vc_col-md-offset-0 vc_col-md-5 vc_col-sm-offset-0 vc_col-xs-12&Prime;][qode_elements_holder number_of_columns=\u00a0\u00bbone_column\u00a0\u00bb][qode_elements_holder_item advanced_animations=\u00a0\u00bbno\u00a0\u00bb item_padding=\u00a0\u00bb0 0% 0px 43%\u00a0\u00bb item_padding_768_1024=\u00a0\u00bb0 0% 0px 25%\u00a0\u00bb item_padding_600_768=\u00a0\u00bb0 0% 60px 0%\u00a0\u00bb item_padding_480=\u00a0\u00bb0 0% 40px 0%\u00a0\u00bb][vc_single_image image=\u00a0\u00bb2885&Prime; img_size=\u00a0\u00bbfull\u00a0\u00bb qode_css_animation=\u00a0\u00bb\u00a0\u00bb][vc_empty_space height=\u00a0\u00bb30px\u00a0\u00bb][vc_empty_space height=\u00a0\u00bb30px\u00a0\u00bb][vc_single_image image=\u00a0\u00bb17092&Prime; img_size=\u00a0\u00bbfull\u00a0\u00bb qode_css_animation=\u00a0\u00bb\u00a0\u00bb][\/qode_elements_holder_item][\/qode_elements_holder][\/vc_column][vc_column offset=\u00a0\u00bbvc_col-lg-offset-0 vc_col-lg-7 vc_col-md-offset-0 vc_col-md-7 vc_col-sm-offset-0 vc_col-xs-12&Prime;][qode_elements_holder number_of_columns=\u00a0\u00bbone_column\u00a0\u00bb][qode_elements_holder_item advanced_animations=\u00a0\u00bbno\u00a0\u00bb item_padding=\u00a0\u00bb11px 26% 0 44px\u00a0\u00bb item_padding_768_1024=\u00a0\u00bb0px 16% 0 44px\u00a0\u00bb item_padding_600_768=\u00a0\u00bb0px 3% 0 0px\u00a0\u00bb item_padding_480=\u00a0\u00bb11px 0% 0 0px\u00a0\u00bb][vc_column_text]<\/p>\n<h2>PROFESORA TITULAR DE PIANO<\/h2>\n<h2>Conservatorio Jean-Philippe Rameau<\/h2>\n<p>[\/vc_column_text][vc_empty_space height=\u00a0\u00bb30px\u00a0\u00bb][vc_column_text]Desde 2004, Ester Pineda exerce como profesora de piano y de musica de camara en el Conservatoire Jean-Philippe Rameau de Paris.<\/p>\n<p>&nbsp;<\/p>\n<p><strong>Conservatoire Jean Philippe Rameau<\/strong><\/p>\n<p>3 ter rue Mabillon<\/p>\n<p><u>75006 Paris<\/u>[\/vc_column_text][vc_empty_space height=\u00a0\u00bb60px\u00a0\u00bb][vc_column_text]<\/p>\n<h2>PROFESORA SORBONNE UNIVERSIT\u00c9 (Departamento de M\u00fasica y Musicolog\u00eda)<\/h2>\n<p>&nbsp;<\/p>\n<p>Responsable neurociencias aplicadas a la pedagogia musical (musicolog\u00eda sistem\u00e0tica) 2022-2025[\/vc_column_text][vc_single_image image=\u00a0\u00bb16969&Prime; img_size=\u00a0\u00bbfull\u00a0\u00bb qode_css_animation=\u00a0\u00bb\u00a0\u00bb][vc_column_text]<\/p>\n<h4><strong>Facultad De Letras<br \/>\n<\/strong><\/h4>\n<p>1, rue Victor Cousin<\/p>\n<p><u>75005 Paris<\/u>[\/vc_column_text][\/qode_elements_holder_item][\/qode_elements_holder][\/vc_column][\/vc_row][vc_row css_animation=\u00a0\u00bb\u00a0\u00bb row_type=\u00a0\u00bbrow\u00a0\u00bb use_row_as_full_screen_section=\u00a0\u00bbno\u00a0\u00bb type=\u00a0\u00bbgrid\u00a0\u00bb angled_section=\u00a0\u00bbno\u00a0\u00bb text_align=\u00a0\u00bbleft\u00a0\u00bb background_image_as_pattern=\u00a0\u00bbwithout_pattern\u00a0\u00bb z_index=\u00a0\u00bb\u00a0\u00bb css=\u00a0\u00bb.vc_custom_1522333247578{padding-bottom: 130px !important;}\u00a0\u00bb][vc_column offset=\u00a0\u00bbvc_col-lg-offset-0 vc_col-lg-7 vc_col-md-offset-0 vc_col-md-7 vc_col-sm-offset-0 vc_col-xs-12&Prime;][qode_elements_holder number_of_columns=\u00a0\u00bbone_column\u00a0\u00bb][qode_elements_holder_item advanced_animations=\u00a0\u00bbno\u00a0\u00bb item_padding=\u00a0\u00bb11px 2% 0 224px\u00a0\u00bb item_padding_768_1024=\u00a0\u00bb0px 6% 0 97px\u00a0\u00bb item_padding_600_768=\u00a0\u00bb0px 3% 0 0px\u00a0\u00bb item_padding_480=\u00a0\u00bb0px 0% 50px 0px\u00a0\u00bb][vc_column_text]<\/p>\n<h3><\/h3>\n<div class=\"wpb_text_column wpb_content_element \">\n<div class=\"wpb_wrapper\">\n<h2><strong>EN 2023 ESTER PINEDA FUNDA EL INSTITUTO DE FORMACI\u00f3N CONTINUA ARTSYS<\/strong><\/h2>\n<\/div>\n<\/div>\n<div class=\"vc_empty_space\"><\/div>\n<div><\/div>\n<div class=\"wpb_text_column wpb_content_element \">\n<div class=\"wpb_wrapper\">\n<p>El Instituto ARTSYS desarrolla y difunde enfoques neurocognitivos de la ense\u00f1anza de la m\u00fasica.<\/p>\n<p>&nbsp;<\/p>\n<p>Ofrece una gama de cursos profesionales de formaci\u00f3n continua para profesores de m\u00fasica y centros de formaci\u00f3n (conservatorios, institutos, escuelas de m\u00fasica, organizaciones de formaci\u00f3n continua, etc.).<\/p>\n<\/div>\n<\/div>\n<p>[\/vc_column_text][vc_empty_space height=\u00a0\u00bb37px\u00a0\u00bb]<a  itemprop=\"url\" href=\"https:\/\/institutartsys.com\/\" target=\"_blank\" data-hover-background-color='#333333' data-hover-border-color='#333333' data-hover-color='#ffffff' class=\"qbutton  medium default\" style=\"color: #333333; border-color: #333333; \">Web Instituto ARTSYS<\/a>[vc_empty_space height=\u00a0\u00bb37px\u00a0\u00bb]<a  itemprop=\"url\" href=\"https:\/\/www.helloasso.com\/associations\/artsys\/formulaires\/1\" target=\"_blank\" data-hover-background-color='#333333' data-hover-border-color='#333333' data-hover-color='#ffffff' class=\"qbutton  medium default\" style=\"color: #333333; border-color: #333333; \">Quiero apoyar el Instituto<\/a>[\/qode_elements_holder_item][\/qode_elements_holder][\/vc_column][vc_column offset=\u00a0\u00bbvc_col-lg-offset-0 vc_col-lg-5 vc_col-md-offset-0 vc_col-md-5 vc_col-sm-offset-0 vc_col-xs-12&Prime;][qode_elements_holder number_of_columns=\u00a0\u00bbone_column\u00a0\u00bb][qode_elements_holder_item advanced_animations=\u00a0\u00bbno\u00a0\u00bb item_padding=\u00a0\u00bb0 23% 0 0%\u00a0\u00bb item_padding_768_1024=\u00a0\u00bb0 23% 0 0%\u00a0\u00bb item_padding_600_768=\u00a0\u00bb60px 0% 0 0%\u00a0\u00bb item_padding_480=\u00a0\u00bb0px 0% 0 0%\u00a0\u00bb][vc_single_image image=\u00a0\u00bb17105&Prime; img_size=\u00a0\u00bbfull\u00a0\u00bb qode_css_animation=\u00a0\u00bb\u00a0\u00bb][vc_empty_space height=\u00a0\u00bb37px\u00a0\u00bb][vc_single_image image=\u00a0\u00bb17162&Prime; img_size=\u00a0\u00bbfull\u00a0\u00bb qode_css_animation=\u00a0\u00bb\u00a0\u00bb][\/qode_elements_holder_item][\/qode_elements_holder][\/vc_column][\/vc_row][vc_row css_animation=\u00a0\u00bb\u00a0\u00bb row_type=\u00a0\u00bbrow\u00a0\u00bb use_row_as_full_screen_section=\u00a0\u00bbno\u00a0\u00bb type=\u00a0\u00bbgrid\u00a0\u00bb angled_section=\u00a0\u00bbno\u00a0\u00bb text_align=\u00a0\u00bbleft\u00a0\u00bb background_image_as_pattern=\u00a0\u00bbwithout_pattern\u00a0\u00bb z_index=\u00a0\u00bb\u00a0\u00bb css=\u00a0\u00bb.vc_custom_1522333005929{padding-bottom: 100px !important;}\u00a0\u00bb][vc_column offset=\u00a0\u00bbvc_col-lg-offset-0 vc_col-lg-5 vc_col-md-offset-0 vc_col-md-5 vc_col-sm-offset-0 vc_col-xs-12&Prime;][qode_elements_holder number_of_columns=\u00a0\u00bbone_column\u00a0\u00bb][qode_elements_holder_item advanced_animations=\u00a0\u00bbno\u00a0\u00bb item_padding=\u00a0\u00bb0 0% 0 43%\u00a0\u00bb item_padding_768_1024=\u00a0\u00bb0 0% 0px 25%\u00a0\u00bb item_padding_600_768=\u00a0\u00bb0 0% 60px 0%\u00a0\u00bb item_padding_480=\u00a0\u00bb0px 0% 0 0%\u00a0\u00bb][vc_single_image image=\u00a0\u00bb16986&Prime; img_size=\u00a0\u00bblarge\u00a0\u00bb qode_css_animation=\u00a0\u00bb\u00a0\u00bb][vc_empty_space height=\u00a0\u00bb30px\u00a0\u00bb]<a  itemprop=\"url\" href=\"https:\/\/www.helloasso.com\/associations\/artsys\/evenements\/formation-a-la-pedagogie-kodaly\" target=\"_blank\" data-hover-background-color='#333333' data-hover-border-color='#333333' data-hover-color='#ffffff' class=\"qbutton  medium default\" style=\"color: #333333; border-color: #333333; \">MAS INFORMACION \/ INSCRIPCIONES<\/a>[\/qode_elements_holder_item][\/qode_elements_holder][\/vc_column][vc_column offset=\u00a0\u00bbvc_col-lg-offset-0 vc_col-lg-7 vc_col-md-offset-0 vc_col-md-7 vc_col-sm-offset-0 vc_col-xs-12&Prime;][qode_elements_holder number_of_columns=\u00a0\u00bbone_column\u00a0\u00bb][qode_elements_holder_item advanced_animations=\u00a0\u00bbno\u00a0\u00bb item_padding=\u00a0\u00bb11px 26% 0 44px\u00a0\u00bb item_padding_768_1024=\u00a0\u00bb0px 16% 0 44px\u00a0\u00bb item_padding_600_768=\u00a0\u00bb0px 3% 0 0px\u00a0\u00bb item_padding_480=\u00a0\u00bb50px 0% 0 0px\u00a0\u00bb][vc_column_text]<\/p>\n<h2>MODULOS DE FORMACION CONTINUA<\/h2>\n<p>&nbsp;<\/p>\n<h4>Responsable de la formaci\u00f3n Kod\u00e1ly desde 2017<\/h4>\n<p>&nbsp;<\/p>\n<p>Red de conservatorios de la Ville de Paris (Dep. de formaci\u00f3n continua) &#8211; Institut Liszt, 92 rue Bonaparte, 75006 Paris[\/vc_column_text][vc_column_text][\/vc_column_text][vc_empty_space height=\u00a0\u00bb30px\u00a0\u00bb][\/qode_elements_holder_item][\/qode_elements_holder][\/vc_column][\/vc_row][vc_row css_animation=\u00a0\u00bb\u00a0\u00bb row_type=\u00a0\u00bbrow\u00a0\u00bb use_row_as_full_screen_section=\u00a0\u00bbno\u00a0\u00bb type=\u00a0\u00bbgrid\u00a0\u00bb angled_section=\u00a0\u00bbno\u00a0\u00bb text_align=\u00a0\u00bbleft\u00a0\u00bb background_image_as_pattern=\u00a0\u00bbwithout_pattern\u00a0\u00bb z_index=\u00a0\u00bb\u00a0\u00bb css=\u00a0\u00bb.vc_custom_1522332996034{padding-bottom: 100px !important;}\u00a0\u00bb][vc_column offset=\u00a0\u00bbvc_col-lg-offset-0 vc_col-lg-7 vc_col-md-offset-0 vc_col-md-7 vc_col-sm-offset-0 vc_col-xs-12&Prime;][qode_elements_holder number_of_columns=\u00a0\u00bbone_column\u00a0\u00bb][qode_elements_holder_item advanced_animations=\u00a0\u00bbno\u00a0\u00bb item_padding=\u00a0\u00bb11px 2% 0 224px\u00a0\u00bb item_padding_768_1024=\u00a0\u00bb0px 6% 0 97px\u00a0\u00bb item_padding_600_768=\u00a0\u00bb0px 3% 0 0px\u00a0\u00bb item_padding_480=\u00a0\u00bb0px 0% 0 0px\u00a0\u00bb][vc_column_text]<\/p>\n<h2>SEMINARIOS, conferencias, COLOQUIOS&#8230;<\/h2>\n<p>[\/vc_column_text][vc_empty_space height=\u00a0\u00bb30px\u00a0\u00bb][vc_column_text]<\/p>\n<p>Ester Pineda participa y organiza regularmente seminarios acad\u00e9micos y cient\u00edficos. Ha impulsado las jornadas de estudio <a href=\"https:\/\/creaa.unistra.fr\/evenements\/journees-detudes\/2022\/musique-et-transmission-sous-leclairage-des-sciences-cognitives\/\"><em>M\u00fasica y Transmisi\u00f3n a la luz de las ciencias cognitivas<\/em><\/a> de 2022 y 2024 en la Universidad de Estrasburgo. Co-organizadas con Marta Grabocz en el marco de las actividades del grupo \u00ab\u00a0M\u00fasica, memoria, invariantes de la transmisi\u00f3n\u00a0\u00bb dirigido por Beat F\u00f6llmi.[\/vc_column_text][vc_empty_space height=\u00a0\u00bb37px\u00a0\u00bb]<a  itemprop=\"url\" href=\"https:\/\/creaa.unistra.fr\/evenements\/journees-detudes\/2024\/musique-et-transmission-ii-a-la-lumiere-des-sciences-cognitives\/\" target=\"_blank\" data-hover-background-color='#333333' data-hover-border-color='#333333' data-hover-color='#ffffff' class=\"qbutton  medium default\" style=\"color: #333333; border-color: #333333; \">MAS INFORMACION<\/a>[\/qode_elements_holder_item][\/qode_elements_holder][\/vc_column][vc_column offset=\u00a0\u00bbvc_col-lg-offset-0 vc_col-lg-5 vc_col-md-offset-0 vc_col-md-5 vc_col-sm-offset-0 vc_col-xs-12&Prime;][qode_elements_holder number_of_columns=\u00a0\u00bbone_column\u00a0\u00bb][qode_elements_holder_item advanced_animations=\u00a0\u00bbno\u00a0\u00bb item_padding=\u00a0\u00bb0 43% 0 0%\u00a0\u00bb item_padding_768_1024=\u00a0\u00bb0px 25% 0 0px\u00a0\u00bb item_padding_600_768=\u00a0\u00bb60px 0% 0 0px\u00a0\u00bb item_padding_480=\u00a0\u00bb50px 0% 0 0%\u00a0\u00bb][vc_single_image image=\u00a0\u00bb17204&Prime; img_size=\u00a0\u00bbfull\u00a0\u00bb qode_css_animation=\u00a0\u00bb\u00a0\u00bb][\/qode_elements_holder_item][\/qode_elements_holder][\/vc_column][\/vc_row][vc_row css_animation=\u00a0\u00bb\u00a0\u00bb row_type=\u00a0\u00bbrow\u00a0\u00bb use_row_as_full_screen_section=\u00a0\u00bbno\u00a0\u00bb type=\u00a0\u00bbfull_width\u00a0\u00bb angled_section=\u00a0\u00bbno\u00a0\u00bb text_align=\u00a0\u00bbleft\u00a0\u00bb background_image_as_pattern=\u00a0\u00bbwithout_pattern\u00a0\u00bb css=\u00a0\u00bb.vc_custom_1522328028245{padding-top: 150px !important;}\u00a0\u00bb z_index=\u00a0\u00bb\u00a0\u00bb][vc_column][qode_elements_holder background_color=\u00a0\u00bb#fff3e0&Prime; number_of_columns=\u00a0\u00bbone_column\u00a0\u00bb][qode_elements_holder_item advanced_animations=\u00a0\u00bbno\u00a0\u00bb item_padding=\u00a0\u00bb0 30px 0 119px\u00a0\u00bb item_padding_1280_1440=\u00a0\u00bb0 30px 0 30px\u00a0\u00bb item_padding_1024_1280=\u00a0\u00bb0 30px 0 30px\u00a0\u00bb item_padding_768_1024=\u00a0\u00bb0 30px 0 30px\u00a0\u00bb item_padding_600_768=\u00a0\u00bb0 30px 0 30px\u00a0\u00bb item_padding_480_600=\u00a0\u00bb0 30px 0 30px\u00a0\u00bb item_padding_480=\u00a0\u00bb0 30px 0 30px\u00a0\u00bb][vc_single_image image=\u00a0\u00bb15462&Prime; img_size=\u00a0\u00bblarge\u00a0\u00bb alignment=\u00a0\u00bbcenter\u00a0\u00bb qode_css_animation=\u00a0\u00bb\u00a0\u00bb][\/qode_elements_holder_item][\/qode_elements_holder][\/vc_column][\/vc_row]<\/p>\n","protected":false},"excerpt":{"rendered":"<p>[vc_row css_animation=\u00a0\u00bb\u00a0\u00bb row_type=\u00a0\u00bbrow\u00a0\u00bb use_row_as_full_screen_section=\u00a0\u00bbno\u00a0\u00bb type=\u00a0\u00bbgrid\u00a0\u00bb angled_section=\u00a0\u00bbno\u00a0\u00bb text_align=\u00a0\u00bbleft\u00a0\u00bb background_image_as_pattern=\u00a0\u00bbwithout_pattern\u00a0\u00bb z_index=\u00a0\u00bb\u00a0\u00bb css=\u00a0\u00bb.vc_custom_1522332962243{padding-top: 73px !important;padding-bottom: 100px !important;}\u00a0\u00bb][vc_column offset=\u00a0\u00bbvc_col-lg-offset-0 vc_col-lg-5 vc_col-md-offset-0 vc_col-md-5 vc_col-sm-offset-0 vc_col-xs-12&Prime;][qode_elements_holder number_of_columns=\u00a0\u00bbone_column\u00a0\u00bb][qode_elements_holder_item advanced_animations=\u00a0\u00bbno\u00a0\u00bb item_padding=\u00a0\u00bb0 0% 0px 43%\u00a0\u00bb item_padding_768_1024=\u00a0\u00bb0 0% 0px 25%\u00a0\u00bb item_padding_600_768=\u00a0\u00bb0 0% 60px 0%\u00a0\u00bb item_padding_480=\u00a0\u00bb0 0% 40px 0%\u00a0\u00bb][vc_single_image image=\u00a0\u00bb2885&Prime; img_size=\u00a0\u00bbfull\u00a0\u00bb qode_css_animation=\u00a0\u00bb\u00a0\u00bb][vc_empty_space height=\u00a0\u00bb30px\u00a0\u00bb][vc_empty_space height=\u00a0\u00bb30px\u00a0\u00bb][vc_single_image image=\u00a0\u00bb17092&Prime; img_size=\u00a0\u00bbfull\u00a0\u00bb&#8230;<\/p>\n","protected":false},"author":2,"featured_media":0,"parent":0,"menu_order":0,"comment_status":"closed","ping_status":"closed","template":"full_width.php","meta":[],"_links":{"self":[{"href":"https:\/\/www.esterpineda.com\/index.php\/wp-json\/wp\/v2\/pages\/16478"}],"collection":[{"href":"https:\/\/www.esterpineda.com\/index.php\/wp-json\/wp\/v2\/pages"}],"about":[{"href":"https:\/\/www.esterpineda.com\/index.php\/wp-json\/wp\/v2\/types\/page"}],"author":[{"embeddable":true,"href":"https:\/\/www.esterpineda.com\/index.php\/wp-json\/wp\/v2\/users\/2"}],"replies":[{"embeddable":true,"href":"https:\/\/www.esterpineda.com\/index.php\/wp-json\/wp\/v2\/comments?post=16478"}],"version-history":[{"count":34,"href":"https:\/\/www.esterpineda.com\/index.php\/wp-json\/wp\/v2\/pages\/16478\/revisions"}],"predecessor-version":[{"id":17939,"href":"https:\/\/www.esterpineda.com\/index.php\/wp-json\/wp\/v2\/pages\/16478\/revisions\/17939"}],"wp:attachment":[{"href":"https:\/\/www.esterpineda.com\/index.php\/wp-json\/wp\/v2\/media?parent=16478"}],"curies":[{"name":"wp","href":"https:\/\/api.w.org\/{rel}","templated":true}]}}